
463
Suppose 0 = -4*b - 88 + 3288. What are the prime factors of b?
2, 5
Suppose 48 = 6*m - 120. What are the prime factors of m?
2, 7
Let n = -15 + -3. Let q = 43 + n. Let l = q - 20. What are the prime factors of l?
5
Suppose -6*u = -3*u - 240. What are the prime factors of ((-54)/45)/((-3)/u)?
2
Suppose -4*z + 3910 = 6*z. Let a = -230 + z. What are the prime factors of a?
7, 23
Suppose -3*r + i - 33 - 51 = 0, -4*r = -3*i + 112. Let k = -2 - r. What are the prime factors of k?
2, 13
Suppose c + 3*c = 8. Let m(a) = -4*a - 2. Let f be m(c). Let t(b) = -b + 14. What are the prime factors of t(f)?
2, 3
Let s(v) = -v**2 + 7*v - 15. Let h be s(7). Let b = 20 + h. Suppose -b*j + 4*i + 196 = 0, 157 = j + 3*j - 3*i. What are the prime factors of j?
2, 5
Suppose 5*h = s + 2*s - 11, 2*s = -5*h - 1. List the prime factors of h/((-4)/(1 - -27)).
7
Let r be 6/(-21) - (-58)/7. Suppose -r*v + 157 = -315. List the prime factors of v.
59
Let i(a) be the third derivative of a**6/20 + a**5/20 - 5*a**4/24 - a**3/6 + 13*a**2. What are the prime factors of i(2)?
7
Suppose -l = 6*b - 5*b + 102, -5*l + 5*b = 500. Let f = 89 + -131. Let w = f - l. What are the prime factors of w?
59
Let d(u) = -2*u + 15. Let i be d(8). Let m be 56/6 - i/(-3). List the prime factors of 3*3/m*33.
3, 11
Let n = -38 - -32. What are the prime factors of (n/(-27))/(6/(-1044))*-3?
2, 29
Let w = 12 - 15. Let b be 27/45 - (-5394)/10. What are the prime factors of b/16 - w/(-4)?
3, 11
Let l = 76 + -74. Suppose -3*c = -b - 2, 2*c - 40 = -4*b - 2*c. Suppose -b*u + f + 41 = -l*u, 5*u + 2*f = 53. List the prime factors of u.
3
Let q(i) = 4*i**2 + 3*i + 7. Let k be q(3). Suppose -k - 4 = -4*c. List the prime factors of c.
2, 7
Let y be 84/(0 + -2)*(-551)/87. Suppose -4*z + 843 = -k, -z + y = -5*k + 60. List the prime factors of z.
211
Let b(y) = 0*y + 0*y + 45 - 7 - 2*y. List the prime factors of b(8).
2, 11
Let a(p) = p**3 - 6*p**2 - 7*p + 3. Let s be a(7). Suppose 2*j + b = -2*j + 13, -s*b - 9 = 0. List the prime factors of 6/4 + 26/j.
2
Let o(z) = 4*z**3 + 3*z**2 - 5*z - 92. Let v(w) = 5*w**3 + 4*w**2 - 6*w - 91. Let b(i) = -4*o(i) + 3*v(i). List the prime factors of b(0).
5, 19
Let t(v) = -v**2 + 8*v - 7. Let y be t(7). Suppose y*f = 2*f - 6. Suppose -2*k = -f*l + k + 75, -155 = -5*l - 5*k. What are the prime factors of l?
2, 7
Let v = 337 + 81. List the prime factors of v.
2, 11, 19
Let i be (-19 - 1)/(-1) - 3. Suppose 0 = 2*c - 51 + i. Suppose y - 4*f - 86 = 0, -f - c + 363 = 5*y. What are the prime factors of y?
2, 5, 7
Suppose 13*i - 8*i = 4*g - 5324, i - 4 = 0. What are the prime factors of g?
2, 167
Suppose -13*a + 24080 = -2518. List the prime factors of a.
2, 3, 11, 31
What are the prime factors of (-869)/(-11) + (1 - (4 + -8))?
2, 3, 7
Suppose 5*y = -s + 8, -5*y + y + 8 = 0. Let n(m) = -11*m**3 - m**2 + 2*m - 3. What are the prime factors of n(s)?
7, 11
List the prime factors of 1/(4/(-1688))*4/(-2).
2, 211
Let l be (80*-2)/((-2)/3). Suppose -4*g = -0*g - l. Suppose 2*q + q = -5*v + 50, -3*q - 3*v = -g. What are the prime factors of q?
5
Let r(a) = 24*a**3 - 9*a**2 + 5*a - 11. What are the prime factors of r(3)?
571
Suppose 12144 = 2*x + 21*x. List the prime factors of x.
2, 3, 11
Suppose -i - 3269 = -3*x, 0 = 8*x - 11*x - 2*i + 3281. What are the prime factors of x?
1091
Let g(y) = 2*y. Suppose 3 = -4*p + 3*s - 6, 5*p - 15 = -5*s. Let n be g(p). Suppose 7 = q + 4*b - 22, n = q + b - 14. What are the prime factors of q?
3
Suppose 3348 = -219*q + 222*q. List the prime factors of q.
2, 3, 31
Suppose 5*s = -5*f + 3*f + 3305, f = 5*s + 1675. List the prime factors of f.
2, 5, 83
Suppose 5*w - 4*g + 67 = 247, -w - 3*g + 17 = 0. Suppose -x = -2*x + w. Let c = x - 15. List the prime factors of c.
17
Let x = -1938 - -4331. List the prime factors of x.
2393
What are the prime factors of (-21)/3 - -1028 - -8?
3, 7
Suppose 0 = -2*t + 113 - 271. Let i = -6 - t. What are the prime factors of i?
73
Let q = -369 - -1115. What are the prime factors of q?
2, 373
Suppose 4*d - 5622 = 35*h - 37*h, d + 3*h = 1413. List the prime factors of d.
2, 3, 13
Suppose l - 5*m = -10, l + 7 = m + 3*m. Suppose 2*k = -2*z - 2*k + 148, 0 = -l*z + 2*k + 310. What are the prime factors of z?
2
Let b = 84 + -78. Suppose -77 + 899 = b*m. List the prime factors of m.
137
Let u = 0 - 0. Suppose -5*k + 14*k - 423 = 0. Suppose u = 4*t - 13 - k. List the prime factors of t.
3, 5
Let g be (67/4)/(1*1/(-4)). Let o = 143 + g. What are the prime factors of o?
2, 19
List the prime factors of 59802/36 - 1/6.
11, 151
Let w = 151 - 105. What are the prime factors of w?
2, 23
Let i = -221 - -315. Let g = i - 28. Suppose 4*a = 2*a + g. What are the prime factors of a?
3, 11
Let u(c) = c**3 - 16*c**2 - 32*c - 52. List the prime factors of u(19).
3, 47
Suppose 24 + 30 = 2*l. Let u = l + 73. What are the prime factors of u?
2, 5
Let q(p) be the third derivative of 3*p**6/40 - p**4/8 + p**3/3 - 3*p**2. What are the prime factors of q(2)?
2, 17
What are the prime factors of 0 - ((8 - 2) + (-1 - 1692))?
7, 241
Suppose -4*y + 5*z = -897, -20*y + 441 = -18*y - z. List the prime factors of y.
2, 109
Let g = -1634 + 2300. What are the prime factors of g?
2, 3, 37
What are the prime factors of ((-3)/2)/(41/(-131282))?
3, 1601
Suppose 10*z = 5*z + 3*h + 3805, -4*z + 3044 = -h. List the prime factors of z.
761
Suppose -725 + 3856 = 31*i. List the prime factors of i.
101
Suppose y = -2*y - t + 20, 0 = 3*y - 2*t - 14. Suppose 3*h = -k + 85, -2*h = 2*k - y*k - 80. List the prime factors of (h/9)/((-3)/(-9)).
2, 5
What are the prime factors of 4*(-7832)/(-10) - 4/5?
2, 3, 29
Suppose -4593 - 5883 = -6*x. List the prime factors of x.
2, 3, 97
Let n = 407 - 284. Suppose y + n = 4*y. What are the prime factors of y?
41
What are the prime factors of 501 - 19/((-76)/(-24))?
3, 5, 11
Let k = -265 + 558. What are the prime factors of k?
293
Let h = 30 + -28. Suppose -h*m = 2*o - 122 - 124, -o = -2*m + 261. Suppose -4*t = 3*n - 30 - m, 2*t = -n + 78. What are the prime factors of t?
2, 19
Let f = 1075 + -52. What are the prime factors of f?
3, 11, 31
Suppose 3*m - 3 = 6. List the prime factors of (6/(-6))/((-466)/(-156) - m).
2, 3, 13
Suppose d + 5 = 0, 2*g + 3*g = -5*d - 45. Let k(l) = -3*l**3 - 3*l**2 - 5*l - 14. List the prime factors of k(g).
2, 3, 5
Suppose 0 = -2*p - 8, 2*p = 7*d - 5*d - 1912. List the prime factors of d.
2, 7, 17
Suppose 3*i + 3 = 3*z - 2*z, -4*i - 6 = -2*z. Let t be (15 - i)/((-15)/30). List the prime factors of (3/(-2))/(t/140).
7
Suppose 3 = -4*v + 7. List the prime factors of 34 + -13 + 4/v.
5
Let g(x) = -x**3 + 39. Suppose s = 3*t + 5*s + 16, 0 = -3*t + 4*s + 16. What are the prime factors of g(t)?
3, 13
Let a(v) = v**3 + 25*v**2 + v + 28. Let d be a(-25). Suppose 0*i - i - 35 = -5*x, -5*x + d*i + 45 = 0. What are the prime factors of x?
2, 3
Suppose -20 = 23*q - 19*q. List the prime factors of (-24)/(-1)*(70/6 + q).
2, 5
Let i(g) = g**3 + 4*g**2 - 4*g + 5. Let x be 162/(-30) + 2/5. Let t be i(x). Suppose t = -4*p + 355 - 67. What are the prime factors of p?
2, 3
List the prime factors of (1759 - -9) + (10 - 4).
2, 887
Let x = 43 + -3. Suppose 85 = 5*b - x. Suppose -3*l + z = -b, 4*z = -6*l + 2*l + 12. List the prime factors of l.
7
Let g be 248 - ((-12)/(-78) - (-24)/13). Let n = g - 123. List the prime factors of n.
3, 41
Let d = -22 - -29. Let j(s) = s**3 - 7*s**2 + 5*s + 3. What are the prime factors of j(d)?
2, 19
Let h(l) be the third derivative of 7*l**5/60 - l**3/6 + 2*l**2. Let f be (-6)/9*-3 + -1. List the prime factors of h(f).
2, 3
Suppose 3491 = 4*a - 845. What are the prime factors of a?
2, 271
Let l = 1025 + 1574. What are the prime factors of l?
23, 113
Let g(b) = 259*b + 1. Let h be g(1). Let t = -105 + h. Suppose 5*z - t = -5*p, 0*z - 3*p = -2*z + 37. List the prime factors of z.
2, 13
Suppose 11*h + i = 7*h + 1312, 5*h - 1640 = -i. Let y = h - 162. What are the prime factors of y?
2, 83
Let a(l) = -6*l - 1. Let j be a(-1). Suppose 95 = 5*k + 2*b, -j*b + 7 + 18 = 0. Suppose 5*u = 5*g - 85, -g + 5*u + k = -4. List the prime factors of g.
2
Suppose 1274 = 5*c - 4*t, 6*c - c + 2*t = 1298. List the prime factors of c.
2, 3, 43
Let v = 1839 - 714. What are the prime factors of v?
3, 5
Suppose 500 = 7*t + 1354. Let w 